{"id":51,"date":"2018-09-20T14:53:53","date_gmt":"2018-09-20T14:53:53","guid":{"rendered":"http:\/\/bonna-musica.com\/?page_id=51"},"modified":"2026-03-24T20:37:11","modified_gmt":"2026-03-24T20:37:11","slug":"session","status":"publish","type":"page","link":"https:\/\/bonna-musica.com\/?page_id=51","title":{"rendered":"Session"},"content":{"rendered":"<p>Im Bonner Pub <a href=\"https:\/\/www.thefiddlersbonn.com\" target=\"_blank\" rel=\"noopener noreferrer\">The Fiddlers<\/a> findet jeden Mittwoch ab 20.00 Uhr (von September bis Mai) eine traditionelle Irish Music Session statt. Dabei gibt es verschiedene Schwerpunkte:<\/p>\n<p>1. Mittwoch im Monat: <em>&#8222;Fast&#8220;-Session f\u00fcr sehr fortgeschrittene Spieler<\/em><br \/>2. Mittwoch im Monat: <em>Tische und St\u00fchle fliegen raus und es gibt &#8222;Tanz&#8220;-Session zum Mitmachen f\u00fcr alle<\/em><br \/>3. Mittwoch im Monat: <em>&#8222;Slow&#8220;-Session f\u00fcr Einsteiger*<\/em><br \/>4. Mittwoch im Monat: <em>&#8222;Singing&#8220;-Session mit vielen Liedern\u00a0<\/em><\/p>\n<p>*= F\u00fcr die &#8222;Slow&#8220;-Session gibt es ein begrenztes Repertoire. Das gibt es hier gesammelt als <a href=\"http:\/\/bonna-musica.com\/wp-content\/uploads\/2019\/06\/Bonn-Slow-Session-Essential-Tunebook_2019-06-15.pdf\" target=\"_blank\" rel=\"noopener noreferrer\">SlowSession-Tunes<\/a>\u00a0(pdf-Format). Im abc-Format gibt es die St\u00fccke auf Anfrage per eMail.<\/p>\n<p>In der Fiddlers-Sommerpause von Juni bis August spielen wir Session an verschiedenen Orten. Nach aktuellem Stand gibt es folgende Session-Termine:<br \/>17.06. LVR-Museum, 19 Uhr<br \/>15.07. LVR-Museum, 19 Uhr<br \/>12.08. LVR-Museum, 19 Uhr<\/p>\n\n\n<p><\/p>\n","protected":false},"excerpt":{"rendered":"<p>Im Bonner Pub The Fiddlers findet jeden Mittwoch ab 20.00 Uhr (von September bis Mai) eine traditionelle Irish Music Session statt. Dabei gibt es verschiedene Schwerpunkte: 1. Mittwoch im Monat: &#8222;Fast&#8220;-Session f\u00fcr sehr fortgeschrittene Spieler2. Mittwoch im Monat: Tische und St\u00fchle fliegen raus und es gibt &#8222;Tanz&#8220;-Session zum Mitmachen f\u00fcr alle3. Mittwoch im Monat: &#8222;Slow&#8220;-Session &hellip; <\/p>\n<p class=\"link-more\"><a href=\"https:\/\/bonna-musica.com\/?page_id=51\" class=\"more-link\"><span class=\"screen-reader-text\">\u201eSession\u201c<\/span> weiterlesen<\/a><\/p>\n","protected":false},"author":1,"featured_media":0,"parent":0,"menu_order":0,"comment_status":"closed","ping_status":"closed","template":"","meta":[],"_links":{"self":[{"href":"https:\/\/bonna-musica.com\/index.php?rest_route=\/wp\/v2\/pages\/51"}],"collection":[{"href":"https:\/\/bonna-musica.com\/index.php?rest_route=\/wp\/v2\/pages"}],"about":[{"href":"https:\/\/bonna-musica.com\/index.php?rest_route=\/wp\/v2\/types\/page"}],"author":[{"embeddable":true,"href":"https:\/\/bonna-musica.com\/index.php?rest_route=\/wp\/v2\/users\/1"}],"replies":[{"embeddable":true,"href":"https:\/\/bonna-musica.com\/index.php?rest_route=%2Fwp%2Fv2%2Fcomments&post=51"}],"version-history":[{"count":27,"href":"https:\/\/bonna-musica.com\/index.php?rest_route=\/wp\/v2\/pages\/51\/revisions"}],"predecessor-version":[{"id":905,"href":"https:\/\/bonna-musica.com\/index.php?rest_route=\/wp\/v2\/pages\/51\/revisions\/905"}],"wp:attachment":[{"href":"https:\/\/bonna-musica.com\/index.php?rest_route=%2Fwp%2Fv2%2Fmedia&parent=51"}],"curies":[{"name":"wp","href":"https:\/\/api.w.org\/{rel}","templated":true}]}}